{"id":772,"date":"2026-04-21T19:27:37","date_gmt":"2026-04-21T18:27:37","guid":{"rendered":"https:\/\/dayoff.si\/?post_type=product&#038;p=772"},"modified":"2026-04-21T19:27:37","modified_gmt":"2026-04-21T18:27:37","slug":"canon-ef-24-105mm-f-4l-is-usm","status":"publish","type":"product","link":"https:\/\/dayoff.si\/?product=canon-ef-24-105mm-f-4l-is-usm","title":{"rendered":"Canon EF 24-105mm f\/4L IS USM"},"content":{"rendered":"<p class=\"p1\">Vsestranski zoom objektiv iz L serije, primeren za \u0161irok spekter situacij \u2013 od \u0161irokih kadrov do portretov. Konstantna f\/4 zaslonka in vgrajena stabilizacija slike (IS) omogo\u010data zanesljivo delo tudi iz roke. Hiter in tih USM fokus ter odli\u010dna opti\u010dna kakovost ga naredijo idealnega za video in fotografijo.<\/p>\n","protected":false},"excerpt":{"rendered":"<p>Vsestranski zoom objektiv iz L serije, primeren za \u0161irok spekter situacij \u2013 od \u0161irokih kadrov do portretov. Konstantna f\/4 zaslonka in vgrajena stabilizacija slike (IS) omogo\u010data zanesljivo delo tudi iz roke. Hiter in tih USM fokus ter odli\u010dna opti\u010dna kakovost ga naredijo idealnega za video in fotografijo.<\/p>\n","protected":false},"featured_media":774,"template":"","meta":{"_themeisle_gutenberg_block_has_review":false},"product_brand":[],"product_cat":[22],"product_tag":[],"class_list":{"0":"post-772","1":"product","2":"type-product","3":"status-publish","4":"has-post-thumbnail","6":"product_cat-video","8":"entry","9":"has-media","11":"first","12":"instock","13":"shipping-taxable","14":"purchasable","15":"product-type-simple","16":"has-product-nav","17":"col","18":"span_1_of_4","19":"owp-content-center","20":"owp-thumbs-layout-horizontal","21":"owp-btn-normal","22":"owp-tabs-layout-section","23":"has-no-thumbnails"},"yoast_head":"<!-- This site is optimized with the Yoast SEO plugin v27.4 - https:\/\/yoast.com\/product\/yoast-seo-wordpress\/ -->\n<title>Canon EF 24-105mm f\/4L IS USM - DAYOFF produkcija<\/title>\n<meta name=\"description\" content=\"Vsestranski zoom objektiv iz L serije, primeren za \u0161irok spekter situacij \u2013 od \u0161irokih kadrov do portretov. Konstantna f\/4 zaslonka in vgrajena stabilizacija slike (IS) omogo\u010data zanesljivo delo tudi iz roke. Hiter in tih USM fokus ter odli\u010dna opti\u010dna kakovost ga naredijo idealnega za video in fotografijo.\" \/>\n<meta name=\"robots\" content=\"index, follow, max-snippet:-1, max-image-preview:large, max-video-preview:-1\" \/>\n<link rel=\"canonical\" href=\"https:\/\/dayoff.si\/?product=canon-ef-24-105mm-f-4l-is-usm\" \/>\n<meta property=\"og:locale\" content=\"sl_SI\" \/>\n<meta property=\"og:type\" content=\"article\" \/>\n<meta property=\"og:title\" content=\"Canon EF 24-105mm f\/4L IS USM - DAYOFF produkcija\" \/>\n<meta property=\"og:description\" content=\"Vsestranski zoom objektiv iz L serije, primeren za \u0161irok spekter situacij \u2013 od \u0161irokih kadrov do portretov. Konstantna f\/4 zaslonka in vgrajena stabilizacija slike (IS) omogo\u010data zanesljivo delo tudi iz roke. Hiter in tih USM fokus ter odli\u010dna opti\u010dna kakovost ga naredijo idealnega za video in fotografijo.\" \/>\n<meta property=\"og:url\" content=\"https:\/\/dayoff.si\/?product=canon-ef-24-105mm-f-4l-is-usm\" \/>\n<meta property=\"og:site_name\" content=\"DAYOFF produkcija\" \/>\n<meta property=\"og:image\" content=\"https:\/\/mllbznnbnpgc.i.optimole.com\/w:auto\/h:auto\/q:mauto\/f:best\/https:\/\/dayoff.si\/wp-content\/uploads\/2026\/04\/canon-24-105-f4L.webp\" \/>\n\t<meta property=\"og:image:width\" content=\"500\" \/>\n\t<meta property=\"og:image:height\" content=\"500\" \/>\n\t<meta property=\"og:image:type\" content=\"image\/webp\" \/>\n<meta name=\"twitter:card\" content=\"summary_large_image\" \/>\n<meta name=\"twitter:label1\" content=\"Est. reading time\" \/>\n\t<meta name=\"twitter:data1\" content=\"1 minuta\" \/>\n<script type=\"application\/ld+json\" class=\"yoast-schema-graph\">{\"@context\":\"https:\\\/\\\/schema.org\",\"@graph\":[{\"@type\":\"WebPage\",\"@id\":\"https:\\\/\\\/dayoff.si\\\/?product=canon-ef-24-105mm-f-4l-is-usm\",\"url\":\"https:\\\/\\\/dayoff.si\\\/?product=canon-ef-24-105mm-f-4l-is-usm\",\"name\":\"Canon EF 24-105mm f\\\/4L IS USM - DAYOFF produkcija\",\"isPartOf\":{\"@id\":\"https:\\\/\\\/dayoff.si\\\/#website\"},\"primaryImageOfPage\":{\"@id\":\"https:\\\/\\\/dayoff.si\\\/?product=canon-ef-24-105mm-f-4l-is-usm#primaryimage\"},\"image\":{\"@id\":\"https:\\\/\\\/dayoff.si\\\/?product=canon-ef-24-105mm-f-4l-is-usm#primaryimage\"},\"thumbnailUrl\":\"https:\\/\\/dayoff.si\\/wp-content\\/uploads\\/2026\\/04\\/canon-24-105-f4L.webp\",\"datePublished\":\"2026-04-21T18:27:37+00:00\",\"description\":\"Vsestranski zoom objektiv iz L serije, primeren za \u0161irok spekter situacij \u2013 od \u0161irokih kadrov do portretov. Konstantna f\\\/4 zaslonka in vgrajena stabilizacija slike (IS) omogo\u010data zanesljivo delo tudi iz roke. Hiter in tih USM fokus ter odli\u010dna opti\u010dna kakovost ga naredijo idealnega za video in fotografijo.\",\"breadcrumb\":{\"@id\":\"https:\\\/\\\/dayoff.si\\\/?product=canon-ef-24-105mm-f-4l-is-usm#breadcrumb\"},\"inLanguage\":\"sl-SI\",\"potentialAction\":[{\"@type\":\"ReadAction\",\"target\":[\"https:\\\/\\\/dayoff.si\\\/?product=canon-ef-24-105mm-f-4l-is-usm\"]}]},{\"@type\":\"ImageObject\",\"inLanguage\":\"sl-SI\",\"@id\":\"https:\\\/\\\/dayoff.si\\\/?product=canon-ef-24-105mm-f-4l-is-usm#primaryimage\",\"url\":\"https:\\/\\/dayoff.si\\/wp-content\\/uploads\\/2026\\/04\\/canon-24-105-f4L.webp\",\"contentUrl\":\"https:\\/\\/dayoff.si\\/wp-content\\/uploads\\/2026\\/04\\/canon-24-105-f4L.webp\",\"width\":500,\"height\":500},{\"@type\":\"BreadcrumbList\",\"@id\":\"https:\\\/\\\/dayoff.si\\\/?product=canon-ef-24-105mm-f-4l-is-usm#breadcrumb\",\"itemListElement\":[{\"@type\":\"ListItem\",\"position\":1,\"name\":\"Home\",\"item\":\"https:\\\/\\\/dayoff.si\\\/\"},{\"@type\":\"ListItem\",\"position\":2,\"name\":\"Products\",\"item\":\"https:\\\/\\\/dayoff.si\\\/?post_type=product\"},{\"@type\":\"ListItem\",\"position\":3,\"name\":\"Canon EF 24-105mm f\\\/4L IS USM\"}]},{\"@type\":\"WebSite\",\"@id\":\"https:\\\/\\\/dayoff.si\\\/#website\",\"url\":\"https:\\\/\\\/dayoff.si\\\/\",\"name\":\"dayOFF\",\"description\":\"Produkcija in najem opreme\",\"publisher\":{\"@id\":\"https:\\\/\\\/dayoff.si\\\/#organization\"},\"potentialAction\":[{\"@type\":\"SearchAction\",\"target\":{\"@type\":\"EntryPoint\",\"urlTemplate\":\"https:\\\/\\\/dayoff.si\\\/?s={search_term_string}\"},\"query-input\":{\"@type\":\"PropertyValueSpecification\",\"valueRequired\":true,\"valueName\":\"search_term_string\"}}],\"inLanguage\":\"sl-SI\"},{\"@type\":\"Organization\",\"@id\":\"https:\\\/\\\/dayoff.si\\\/#organization\",\"name\":\"dayOFF\",\"url\":\"https:\\\/\\\/dayoff.si\\\/\",\"logo\":{\"@type\":\"ImageObject\",\"inLanguage\":\"sl-SI\",\"@id\":\"https:\\\/\\\/dayoff.si\\\/#\\\/schema\\\/logo\\\/image\\\/\",\"url\":\"https:\\/\\/dayoff.si\\/wp-content\\/uploads\\/2026\\/02\\/crna_rdeca.webp\",\"contentUrl\":\"https:\\/\\/dayoff.si\\/wp-content\\/uploads\\/2026\\/02\\/crna_rdeca.webp\",\"width\":567,\"height\":450,\"caption\":\"dayOFF\"},\"image\":{\"@id\":\"https:\\\/\\\/dayoff.si\\\/#\\\/schema\\\/logo\\\/image\\\/\"},\"sameAs\":[\"https:\\\/\\\/www.instagram.com\\\/dayoff.si\\\/\"]}]}<\/script>\n<!-- \/ Yoast SEO plugin. -->","yoast_head_json":{"title":"Canon EF 24-105mm f\/4L IS USM - DAYOFF produkcija","description":"Vsestranski zoom objektiv iz L serije, primeren za \u0161irok spekter situacij \u2013 od \u0161irokih kadrov do portretov. Konstantna f\/4 zaslonka in vgrajena stabilizacija slike (IS) omogo\u010data zanesljivo delo tudi iz roke. Hiter in tih USM fokus ter odli\u010dna opti\u010dna kakovost ga naredijo idealnega za video in fotografijo.","robots":{"index":"index","follow":"follow","max-snippet":"max-snippet:-1","max-image-preview":"max-image-preview:large","max-video-preview":"max-video-preview:-1"},"canonical":"https:\/\/dayoff.si\/?product=canon-ef-24-105mm-f-4l-is-usm","og_locale":"sl_SI","og_type":"article","og_title":"Canon EF 24-105mm f\/4L IS USM - DAYOFF produkcija","og_description":"Vsestranski zoom objektiv iz L serije, primeren za \u0161irok spekter situacij \u2013 od \u0161irokih kadrov do portretov. Konstantna f\/4 zaslonka in vgrajena stabilizacija slike (IS) omogo\u010data zanesljivo delo tudi iz roke. Hiter in tih USM fokus ter odli\u010dna opti\u010dna kakovost ga naredijo idealnega za video in fotografijo.","og_url":"https:\/\/dayoff.si\/?product=canon-ef-24-105mm-f-4l-is-usm","og_site_name":"DAYOFF produkcija","og_image":[{"width":500,"height":500,"url":"https:\/\/mllbznnbnpgc.i.optimole.com\/w:auto\/h:auto\/q:mauto\/f:best\/https:\/\/dayoff.si\/wp-content\/uploads\/2026\/04\/canon-24-105-f4L.webp","type":"image\/webp"}],"twitter_card":"summary_large_image","twitter_misc":{"Est. reading time":"1 minuta"},"schema":{"@context":"https:\/\/schema.org","@graph":[{"@type":"WebPage","@id":"https:\/\/dayoff.si\/?product=canon-ef-24-105mm-f-4l-is-usm","url":"https:\/\/dayoff.si\/?product=canon-ef-24-105mm-f-4l-is-usm","name":"Canon EF 24-105mm f\/4L IS USM - DAYOFF produkcija","isPartOf":{"@id":"https:\/\/dayoff.si\/#website"},"primaryImageOfPage":{"@id":"https:\/\/dayoff.si\/?product=canon-ef-24-105mm-f-4l-is-usm#primaryimage"},"image":{"@id":"https:\/\/dayoff.si\/?product=canon-ef-24-105mm-f-4l-is-usm#primaryimage"},"thumbnailUrl":"https:\/\/mllbznnbnpgc.i.optimole.com\/w:auto\/h:auto\/q:mauto\/f:best\/https:\/\/dayoff.si\/wp-content\/uploads\/2026\/04\/canon-24-105-f4L.webp","datePublished":"2026-04-21T18:27:37+00:00","description":"Vsestranski zoom objektiv iz L serije, primeren za \u0161irok spekter situacij \u2013 od \u0161irokih kadrov do portretov. Konstantna f\/4 zaslonka in vgrajena stabilizacija slike (IS) omogo\u010data zanesljivo delo tudi iz roke. Hiter in tih USM fokus ter odli\u010dna opti\u010dna kakovost ga naredijo idealnega za video in fotografijo.","breadcrumb":{"@id":"https:\/\/dayoff.si\/?product=canon-ef-24-105mm-f-4l-is-usm#breadcrumb"},"inLanguage":"sl-SI","potentialAction":[{"@type":"ReadAction","target":["https:\/\/dayoff.si\/?product=canon-ef-24-105mm-f-4l-is-usm"]}]},{"@type":"ImageObject","inLanguage":"sl-SI","@id":"https:\/\/dayoff.si\/?product=canon-ef-24-105mm-f-4l-is-usm#primaryimage","url":"https:\/\/mllbznnbnpgc.i.optimole.com\/w:auto\/h:auto\/q:mauto\/f:best\/https:\/\/dayoff.si\/wp-content\/uploads\/2026\/04\/canon-24-105-f4L.webp","contentUrl":"https:\/\/mllbznnbnpgc.i.optimole.com\/w:auto\/h:auto\/q:mauto\/f:best\/https:\/\/dayoff.si\/wp-content\/uploads\/2026\/04\/canon-24-105-f4L.webp","width":500,"height":500},{"@type":"BreadcrumbList","@id":"https:\/\/dayoff.si\/?product=canon-ef-24-105mm-f-4l-is-usm#breadcrumb","itemListElement":[{"@type":"ListItem","position":1,"name":"Home","item":"https:\/\/dayoff.si\/"},{"@type":"ListItem","position":2,"name":"Products","item":"https:\/\/dayoff.si\/?post_type=product"},{"@type":"ListItem","position":3,"name":"Canon EF 24-105mm f\/4L IS USM"}]},{"@type":"WebSite","@id":"https:\/\/dayoff.si\/#website","url":"https:\/\/dayoff.si\/","name":"dayOFF","description":"Produkcija in najem opreme","publisher":{"@id":"https:\/\/dayoff.si\/#organization"},"potentialAction":[{"@type":"SearchAction","target":{"@type":"EntryPoint","urlTemplate":"https:\/\/dayoff.si\/?s={search_term_string}"},"query-input":{"@type":"PropertyValueSpecification","valueRequired":true,"valueName":"search_term_string"}}],"inLanguage":"sl-SI"},{"@type":"Organization","@id":"https:\/\/dayoff.si\/#organization","name":"dayOFF","url":"https:\/\/dayoff.si\/","logo":{"@type":"ImageObject","inLanguage":"sl-SI","@id":"https:\/\/dayoff.si\/#\/schema\/logo\/image\/","url":"https:\/\/mllbznnbnpgc.i.optimole.com\/w:auto\/h:auto\/q:mauto\/f:best\/https:\/\/dayoff.si\/wp-content\/uploads\/2026\/02\/crna_rdeca.webp","contentUrl":"https:\/\/mllbznnbnpgc.i.optimole.com\/w:auto\/h:auto\/q:mauto\/f:best\/https:\/\/dayoff.si\/wp-content\/uploads\/2026\/02\/crna_rdeca.webp","width":567,"height":450,"caption":"dayOFF"},"image":{"@id":"https:\/\/dayoff.si\/#\/schema\/logo\/image\/"},"sameAs":["https:\/\/www.instagram.com\/dayoff.si\/"]}]}},"_links":{"self":[{"href":"https:\/\/dayoff.si\/index.php?rest_route=\/wp\/v2\/product\/772","targetHints":{"allow":["GET"]}}],"collection":[{"href":"https:\/\/dayoff.si\/index.php?rest_route=\/wp\/v2\/product"}],"about":[{"href":"https:\/\/dayoff.si\/index.php?rest_route=\/wp\/v2\/types\/product"}],"wp:featuredmedia":[{"embeddable":true,"href":"https:\/\/dayoff.si\/index.php?rest_route=\/wp\/v2\/media\/774"}],"wp:attachment":[{"href":"https:\/\/dayoff.si\/index.php?rest_route=%2Fwp%2Fv2%2Fmedia&parent=772"}],"wp:term":[{"taxonomy":"product_brand","embeddable":true,"href":"https:\/\/dayoff.si\/index.php?rest_route=%2Fwp%2Fv2%2Fproduct_brand&post=772"},{"taxonomy":"product_cat","embeddable":true,"href":"https:\/\/dayoff.si\/index.php?rest_route=%2Fwp%2Fv2%2Fproduct_cat&post=772"},{"taxonomy":"product_tag","embeddable":true,"href":"https:\/\/dayoff.si\/index.php?rest_route=%2Fwp%2Fv2%2Fproduct_tag&post=772"}],"curies":[{"name":"wp","href":"https:\/\/api.w.org\/{rel}","templated":true}]}}